n = o*y - 12, 4*y - 2*n - 9 = n. Suppose y = -3*k, 5*p + 3*k = 5*k + 85. What is the tens digit of p?
1
Suppose 2*d + 497 = 11. Let q = d - -478. What is the hundreds digit of q?
2
Suppose 6 = -4*v - 6, -v - 330 = 3*g. Let x = 281 + g. What is the hundreds digit of x?
1
Let d = -2964 + 4181. What is the hundreds digit of d?
2
Suppose 2*b - 8 = -3*o, 2 = -2*o - 4*b - 6. Suppose 0 = -o*u + 11*u - 960. What is the units digit of u?
2
Let w(j) = j**3 + 59*j**2 - 96*j + 85. What is the units digit of w(-60)?
5
Let x = 599 - 176. Suppose 4*w + x = 7*w. What is the tens digit of w?
4
Suppose 4*g - 228 = 1224. What is the units digit of g?
3
Suppose 3*u - 4*m = -1813, 5*u - 16*m + 3018 = -13*m. Let g = -13 - -21. What is the tens digit of (-2)/g + u/(-12)?
5
Suppose 4*h - 43 - 33 = 0. Let f(o) = 7*o - 60. What is the units digit of f(h)?
3
Suppose -3*f + 6 = -x + 2*x, -2*x + 2 = -4*f. Suppose -v + 63 = -x*n + 6*n, v - 3*n = 51. What is the tens digit of v?
5
Suppose -16*q = -q - 1365. What is the tens digit of q?
9
Let g(y) be the third derivative of y**6/360 - 7*y**5/120 + y**4/8 + y**3/2 - 6*y**2. Let n(l) be the first derivative of g(l). What is the units digit of n(7)?
3
Suppose 0 = -7*j + 8266 - 2610. What is the tens digit of j?
0
Let p be (-4)/(-28) + 20/7. Suppose 56 = p*f + 14. What is the units digit of (-21)/f + 82/4?
9
Let r = 14 - 10. Suppose -3*c + 5*a + 61 = 0, r*a = 4 - 0. What is the units digit of c?
2
Let w = 1882 - 1083. What is the units digit of w?
9
Let p = 40 - 35. Suppose x + 397 = 4*l - 2*x, -15 = p*x. What is the tens digit of l?
9
Suppose -9 = 4*n - 17. Suppose 0 = 4*m - n*m - 616. What is the tens digit of m?
0
Suppose h - 12*h = -1518. Suppose 2*q + 4*q - h = 0. What is the tens digit of q?
2
Suppose -2*o - 2 = -3*w, -2*o - w = -5*o - 3. Let c(t) = -16*t + 3. Let y(k) = -17*k + 4. Let d(z) = 3*c(z) - 2*y(z). What is the units digit of d(o)?
5
Suppose -2*q - q = 3. What is the units digit of (-15 - -4 - 1)/(-1 + q)?
6
Let p(x) = x + 13 + 0*x - 5. Let l be p(-5). Suppose 2*r - 18 + 68 = 4*y, 4*y - 51 = l*r. What is the units digit of y?
2
Let m = 550 - 314. Suppose 0 = -26*h + 22*h + m. What is the units digit of h?
9
Suppose -133749 + 31263 = -31*g. What is the tens digit of g?
0
Suppose -45 = -4*g + 3*c + 1189, -4*g + 2*c + 1236 = 0. Suppose 4*u - 14*u + g = 0. What is the units digit of u?
1
Let h be (-4)/(-14) - (-374)/14. Let t = 41 - h. Let d = t + -10. What is the units digit of d?
4
Suppose -x + 100 + 572 = 0. What is the units digit of x?
2
Suppose 41 = 5*b + 6. Let a = 14 - b. What is the units digit of a?
7
Let x(r) = 252*r**2 - r + 1. Let d(b) = -378*b**2 + 2*b - 2. Let z(f) = 5*d(f) + 8*x(f). What is the units digit of z(1)?
6
Suppose 5*w + 72 = -3*w. Let g = 19 + w. What is the tens digit of g?
1
Let j be -7*164/(-16) + 3/(-4). Suppose -237 - j = -4*v. What is the units digit of v?
7
Let t(l) = -l**2 + 9*l - 6. Let b be t(8). Suppose -b*v - 4 = -12. Suppose 4 = s, -m + v*s = -4*m + 55. What is the tens digit of m?
1
Let c(z) = 3*z**2 + 3*z - 7. What is the tens digit of c(3)?
2
Let v(d) = 57*d - 11. What is the hundreds digit of v(16)?
9
Suppose 166*p - 168*p + 2274 = 0. What is the hundreds digit of p?
1
Suppose s - 1 = 4. Suppose -s*i = -8*i + 387. What is the units digit of i?
9
Let s = 11 - 11. Suppose 3*y - 6 - 6 = s. Suppose 0 = -4*q + u + y*u + 85, 3*q - 84 = -3*u. What is the tens digit of q?
2
Let f(o) = 107*o**2 + 18*o - 43. What is the tens digit of f(2)?
2
Let p be 15/35 + (-1692)/28. Let q = 104 + p. What is the units digit of q?
4
What is the thousands digit of ((-45)/10)/((-9)/9456) + 1?
4
Let a(x) = -6*x**2 - 41*x + 66. Let o(f) = -f**2 - 8*f + 13. Let s(i) = -2*a(i) + 11*o(i). Let l be s(7). Let m = 7 + l. What is the tens digit of m?
2
Suppose -108*o - 6270 = -113*o. What is the units digit of o?
4
Let p(c) = c**2 - c - 36. What is the tens digit of p(20)?
4
Let f be ((-26)/(-3))/(8/24) - 2. What is the tens digit of f - (3/15 + 14/5)?
2
Let s(j) = -j**3 - j**2 - 2*j + 8. Let c be s(0). Suppose 221 = 3*d + 2*t, c*d = 4*d + 4*t + 268. What is the tens digit of d?
7
Let a(b) be the third derivative of -b**4/12 + b**3 + b**2. Let c(z) = 10*z + 74. Let q be c(-8). What is the units digit of a(q)?
8
Suppose -32*g = -29*g - 15. Suppose g*t + 460 = 9*t. What is the hundreds digit of t?
1
Let r(a) = -4*a**2 + a**2 - 7 + 3*a + 2*a**2 + 6*a**2. What is the units digit of r(-5)?
3
Let x(w) = 35*w - 7. Let a be x(7). Suppose 3*z = a - 79. What is the tens digit of z?
5
Suppose -3*n + 41 = 2*p - 211, -p + n + 121 = 0. What is the hundreds digit of p?
1
What is the hundreds digit of 3 - ((-26622)/30 - 9/15)?
8
Let c(d) = -d**2 + 15*d - 2. What is the units digit of c(8)?
4
Let u(h) = 2078*h**3 + h**2. What is the hundreds digit of u(1)?
0
Suppose 3*x - 15 = -4*p + 2, 0 = -5*p + 10. Suppose 15 = 5*r + 5*d, 0*r + d - 5 = -x*r. What is the units digit of r?
1
What is the hundreds digit of (-6)/24 + ((-1121)/(-4) - -2)?
2
Suppose -c + 2*j = -5 + 3, -22 = -3*c + 2*j. Suppose -4*p = p + c. What is the units digit of (45/(-20))/(p/24)?
7
Let h = -48 - -35. Let n = 37 + h. What is the tens digit of n?
2
Let c be (2/4)/(1/(-34)). Let s = c - -31. Suppose -s = -t + 2. What is the units digit of t?
6
Let a be (-843)/(-27) - 4/18. Suppose -a = -g - 16. What is the units digit of g?
5
Let r be 108*(-2)/(-6)*2. Suppose -3*u + r = -12. Suppose -3*i + u = -i. What is the tens digit of i?
1
Suppose 10 = 4*i - 3*r, 2*i + 2*r - 10 = r. Suppose 4*p - 646 = 4*j + j, 3*j + 642 = i*p. What is the units digit of p?
9
Let x = -3495 - -5252. What is the tens digit of x?
5
What is the hundreds digit of ((-358)/10)/(20/(-100))?
1
Suppose -251 = t - 631. Let s = t - 160. Suppose -4*q + 9*q - s = 0. What is the units digit of q?
4
Suppose -5*w = -9*w + 12. Suppose 4*n - 12 = -4*l, -l + w*n = 5*n - 3. Suppose 62 = 4*k - 2*u, -l*k + 2*u = -6*k + 57. What is the units digit of k?
7
Let f(n) = 197*n**2 - 4*n + 3. Let w be f(1). Let c = 289 - w. What is the units digit of c?
3
Let k = -145 + 405. Let d = -90 + k. What is the tens digit of d?
7
Let r be (-14)/3*(-3)/2. Let b(h) = h**3 + 14*h**2 + 14*h + 16. Let q be b(-13). What is the tens digit of q - (r - 4) - -17?
1
Let h = 15 - 25. Let f = h - -12. Suppose -7*l + 65 = -f*l. What is the units digit of l?
3
What is the thousands digit of -1 + 37722/14 - 150/350?
2
Let t(w) = -15*w**3 - w**2 - 2*w - 1. Let c be t(-1). Suppose i + 5*l - c = 0, 50 = 2*i - 0*i + 5*l. Suppose 0 = -3*h + 25 + i. What is the tens digit of h?
2
Let f be -2 - -9 - (5 - 1). Suppose f*g = -v + 20 + 95, -g + 31 = 4*v. What is the tens digit of g?
3
Suppose -55 = 5*i - 10*i. Let m = 42 - i. What is the tens digit of m?
3
Let v be 1 + 0 + 4 + -3. Suppose -108 = -0*a - v*a. What is the units digit of a?
4
Let g be (-1 - 0)/(9/(-99)). Let a = 4 + g. What is the tens digit of a?
1
What is the thousands digit of (1 - 4) + 21259/7?
3
Let a = 744 - -82. What is the units digit of a?
6
Let d(v) = v**3 - v**2 + 4*v - 3. Let c be d(2). Let p be ((-11)/33)/((-1)/c). What is the tens digit of p - (-2 + -18 + -3)?
2
Let k(u) = 38*u**2 + 4*u - 7. What is the tens digit of k(6)?
8
Let x = 229 + -225. Suppose -120 = -d - 7. Suppose -2*v = -t + 30, 0*t - x*t + v + d = 0. What is the units digit of t?
8
Let t(k) be the third derivative of -k**4/12 + 25*k**3/6 - 20*k**2. What is the units digit of t(5)?
5
Suppose -h + 2 = 0, 0*h - 3*h - 426 = -4*m. What is the tens digit of m?
0
Let v(s) = -s**3. Let c(l) = -l**3 + l**2 + 2*l. Let b(k) = -c(k) + 2*v(k). What is the tens digit of b(-4)?
5
What is the hundreds digit of (-9690)/4*((-89)/(-5) - 19)?
9
Suppose -b = b. Let y be ((-3)/(-3))/(6/18). Suppose -y*r + 39 = -b*r - 3*j, 2*r = -j + 35. What is the units digit of r?
6
Let s(o) = -11*o**3 + 4*o**2 - 4*o + 2. Let u be s(2). Let j = u + 96. What is the units digit of j?
8
Suppose 5*q - 178 = 3*q. Suppose -r + 25 = z - 3*z, 3*r + z = q. What is the units digit of r?
9
Let t(x) = -1 + 4*x**2 - 6*x**2 + 4*x**2 - 9*x - 3. Suppose -3*n + 4*n - 7 = 0. What is the units digit of t(n)?
1
Suppose -15*d = -4987 - 5228. What is the hundreds digit of d?
6
Let n be (-4)/(284/96 - 3). Suppose 3*a - n = -36. Let t = -2 + a. What is the units digit 